Let o be -4 + 0 - (-3 - 8). Suppose -o*v + 3*v = -16. Let q(a) = a**2 - 4*a + 3. What is q(v)?
3
Let k(o) = -o**2 + o + 4. Let g(t) = t**3 + t**2 + t + 1. Let y be g(0). Suppose 0 = 13*q - 241 - 32. Suppose 5*z + y = q. Determine k(z).
-8
Let h = 53 - 49. Let u(i) = -1 + 3*i + i**2 + 2 - h*i. Give u(2).
3
Let t = 56 + -56. Let z(j) = 3 + 2 - 1 - 1 + j. What is z(t)?
3
Let g be (-90)/(-12)*(-8)/5. Let m be (0 + -2)/(6/g). Let y(t) = -t**2 - m + 2 - 5*t - 4*t**2 - t**3 + 1. What is y(-4)?
3
Let t(i) = i**3 + 9*i**2 + 10*i + 12. Suppose 3*o - 10 = -34. Give t(o).
-4
Let x(f) = 24 - 4 - f + 0. Suppose -5*y - 22 = -5*g - 2, g + 3*y = -12. Give x(g).
20
Let m(b) = -b**2 + 2*b + 1. Let n(k) = -3*k**2 - 5*k - 2. Let x be n(-4). Let l = x + 46. Let v(f) = f - 14. Let r be v(l). Give m(r).
1
Let z = -58 - -79. Suppose 2*q - 11 = -3*x, 3*q - 3*x + z = -0*x. Let l(s) = -s**3 - 3*s**2 - s. Give l(q).
-2
Let v(q) = 8*q + 71. Let r be v(-8). Let l(z) = -z**3 + 7*z**2 + 2*z - 9. Calculate l(r).
5
Let y be (12/(-9))/((-16)/6 - -2). Let v(a) = 187*a + 2 - 180*a - a**y - 1. Give v(7).
1
Let k(m) = 11*m - 4 + 5*m - 13*m. What is k(3)?
5
Let p(r) = -5*r + 84. Let a be p(18). Let s(k) = -k**2 - 3*k + 1. Determine s(a).
-17
Let m(t) = -2*t**2 + 3*t + 2. Let v be 5*(16/(-5))/8. Calculate m(v).
-12
Let h(f) = -3*f + 37. Let a be h(15). Let o(c) be the first derivative of c**3/3 + 5*c**2 + 12*c + 6. Calculate o(a).
-4
Let w(p) be the first derivative of -p**2 - 23*p + 29. What is w(-6)?
-11
Let r(b) be the second derivative of -1/60*b**5 + 0 + 0*b**4 - 3*b - 2/3*b**3 + 0*b**2 + 1/180*b**6. Let i(d) be the second derivative of r(d). Calculate i(3).
12
Suppose 4*q + 20 = 4*i - i, -5*i - 5*q = 25. Suppose 3*n + 4*l - 2*l = 0, i = -5*l + 15. Let f(o) = -o. Give f(n).
2
Let d = 295 - 290. Let v(l) = -2*l - 2. Determine v(d).
-12
Let d = 14511 + -14513. Let a(s) be the second derivative of -s**5/20 - s**4/6 + s**2/2 - s. What is a(d)?
1
Let h(j) = -4*j**3 + j**3 - 2*j + 4*j**3 + 3*j**2. Suppose -8*s - 49 + 17 = 0. Give h(s).
-8
Let j(i) = 15*i. Let y(p) = 5*p**2 - 2*p - 2. Let w be y(-1). Let u(c) = c**2 - 4*c - 6. Let t be u(w). What is j(t)?
-15
Let l(z) be the first derivative of -1/4*z**4 - 5*z + 2 - 7/3*z**3 - 4*z**2. Calculate l(-6).
7
Let s = -8 + 10. Suppose 3*n - s*p = -5 + 1, -p - 1 = 0. Let i(j) = -3*j - 2. Give i(n).
4
Let o be 25*(-7)/((-175)/15). Let t(p) = -31*p + 19*p - 4*p**2 - 5 + 5*p**2 + o*p. Determine t(-5).
5
Suppose 4*l = 6*l. Suppose 0 = -2*i - 3*z - 0*z + 19, 2*i - 4*z + 16 = l. Let f(v) = -2*v**i - 2*v + 3*v**2 + 7 - 4. Calculate f(3).
6
Let m(c) be the third derivative of 0 - 13/6*c**3 + 18*c**2 + 0*c + 1/24*c**4. Give m(6).
-7
Let u(f) = -f**2 + 8*f + 4. Suppose -6*s + 24 + 24 = 0. Let v be u(s). Let k(l) = -2*l + 1. Determine k(v).
-7
Let a = -17 + 38. Let o be (-14)/a - 22/(-6). Let h(f) = f**3 - 2*f**2 - 2*f + 4. Determine h(o).
7
Suppose -9 = -o - 2*o + 5*y, 3*o = -2*y + 30. Let a(g) = 2*g - 12. Calculate a(o).
4
Let w(v) = 4*v**2 - 2*v - 9. Suppose -3*c = -2*x + 7, 3*c + x - 2 = 4*c. Let t(i) = 3*i + 7*i + 3 - 4 - 9*i + i**2. Let s(j) = c*t(j) + w(j). Determine s(5).
-6
Let s(w) = -438 - w + 220 + 221. Suppose 5*v = v + 20. Calculate s(v).
-2
Let c(o) = -3*o + 17. Suppose -16*m + 21 = -13*m + t, -2*t = -6*m + 42. Determine c(m).
-4
Let i(v) = 12 - 26*v**3 - 507*v**2 + 511*v**2 + 25*v**3 - 4*v. Determine i(5).
-33
Let p(h) = 3*h - 31. Let k be p(13). Let b(f) = 8 + f + 2*f + 3 - k - 4*f**2. Determine b(-2).
-19
Let a be -5 - -11 - (-14)/(5 + -7). Let r(k) = -2*k - 2. What is r(a)?
0
Let y(u) = u**2 + u. Let a be y(1). Let i(f) = a*f + f - 2 + f. Let p be (1 + -4)*(25 + (-876)/36). Determine i(p).
-10
Let k be 0 + -28*(-5)/(-20). Let s(n) = n**3 + 7*n**2 - 4*n - 16. Calculate s(k).
12
Let h = -62 - -63. Let s(l) = -l. Let n(j) = 4*j + 3. Let w(q) = h*n(q) + 3*s(q). Calculate w(3).
6
Let s(g) = -13*g**2 + g. Let l(r) = -r**2 - 8*r + 2. Let c be l(-8). Suppose -2 = 2*f - a, 2*a + 3 = -3*f - c*a. Calculate s(f).
-14
Let q(p) = 8*p + 3. Let h be 40/(-6 - -4) - 4. Let z = -18 - h. Suppose 0*r + 12 = -z*r. Give q(r).
-13
Let v(t) = -3*t**3 - 122*t**2 + 40*t - 46. Let b be v(-41). Let x(q) = q**3 + 4*q**2 - 8*q - 13. Calculate x(b).
2
Let b = 5 - -5. Let x(m) = 79*m**2 + 2*m + b - 78*m**2 + 12*m. Calculate x(-13).
-3
Let s(q) = -3*q**2 + 2*q. Let x(z) be the first derivative of -1/3*z**3 + z + 0*z**2 - 1. Let o(d) = s(d) - 2*x(d). Determine o(3).
-5
Let r(q) = 767*q**3 + 767*q**3 - 4*q**2 - 1535*q**3 - 3 - 2*q - 3*q + 1. Calculate r(-3).
4
Let h be (3 + (3 - -6))*(-1)/(-3). Suppose -h*y + 19 = -3*s - 6*y, -5*y = -5*s - 15. Let a(b) = -3 - b - 3 - 1. Give a(s).
-2
Let y(t) = -3*t - t**3 - 22 - 4*t**2 + 0*t**3 + 24. Let z be y(-3). Let l(h) = -z*h - 2*h - 4 + 10*h + 0*h**2 - h**2. Give l(5).
1
Let w be (-34 + (-676)/(-26))*1/4. Let n(x) = -3*x + 3*x**2 - 2 - 3*x + 4*x. What is n(w)?
14
Suppose -6*i + 19 = -5. Suppose 2*m = 5*y - i, 3*m - 7*y + 2*y - 4 = 0. Let d(w) = -w**2 + 7*w + 5. What is d(m)?
-3
Let h be 6/10 - (-40)/(-25). Let k(g) = -5*g**3 + g**2 + 5. Let r(f) = f**3 - f**2 - 1. Let u(t) = h*k(t) - 6*r(t). What is u(5)?
1
Let t(i) be the first derivative of 7*i**2/2 + 21*i - 1095. What is t(-6)?
-21
Let q(a) = -2 + 311*a - 155*a - 157*a + 2. Let v be (-1)/3 - (-1)/3. Suppose -2*f + 2 = 0, 2*n - 10 = -v*f - 4*f. Give q(n).
-3
Let f(c) = 5*c**3 - c**2 - 2*c - 1. Let x(z) = -4*z - 14. Let o(w) = 8*w + 29. Let d(k) = -3*o(k) - 7*x(k). Let g be d(-3). What is f(g)?
-5
Suppose 1 = -k + 3. Let x(s) = s + 0*s - 8 + k. Determine x(0).
-6
Let d(f) = 3*f - 6. Let n be d(3). Suppose 3*z = -0*z + n. Let x(b) = 5*b - 6*b + 6 + z - 2. Give x(6).
-1
Let l(d) = -d**2. Let m(g) = -3*g**2 - g. Let f(s) = 2*l(s) - m(s). Calculate f(-1).
0
Let l(z) be the first derivative of z**3/3 - 5*z**2/2 + 3*z + 37. Give l(5).
3
Let k(j) = -3*j + 12. Let x(v) = -4*v + 12. Let y(t) = 5*k(t) - 4*x(t). What is y(-14)?
-2
Let l(g) = -3*g**2 + 113*g + 41. Let z be l(38). Let o(t) be the third derivative of -8*t**2 - 1/12*t**5 + 0*t - 5/24*t**4 - 1/120*t**6 - t**z + 0. Give o(-4).
-2
Let m(o) = o**2 - o - 7. Suppose r + 4 = 2*r, -3*r + 24 = -2*y. Determine m(y).
35
Let w(x) be the second derivative of -x**5/20 - 7*x**4/12 + 5*x**3/6 - x**2 + 322*x. Calculate w(-8).
22
Let i(s) be the third derivative of s**6/120 + s**5/12 - s**4/12 - 5*s**3/6 - 46*s**2. What is i(-4)?
19
Let z(i) = -i**2 + i + 1. Let o(m) = 11*m**2 + 28*m - 13. Let d(u) = o(u) + 6*z(u). Let k(c) = -3*c**2 - 18*c + 3. Let v(j) = 4*d(j) + 7*k(j). Determine v(7).
14
Let y = -187 - -185. Let n(b) = 3*b**2 - 3*b - 1. Determine n(y).
17
Let l(o) be the second derivative of o**5/4 + o**4/6 - o**2/2 - 2*o. Suppose 0 = j + 19 - 21, c - 5*j = -9. Determine l(c).
6
Let u be 1/(-3)*(35/(-5) - -7). Let b(l) = l**3 - l**2 + l + 21. What is b(u)?
21
Let y(c) be the second derivative of -c**6/120 + c**5/60 + 11*c**3/3 + 3*c**2/2 - 2*c. Let d(g) be the first derivative of y(g). Calculate d(0).
22
Let o be ((-3)/(-2))/((-3)/(-4)). Suppose o*s = 3*s + 5. Let y(i) = 5*i - 4*i + 10 + 0*i. Determine y(s).
5
Let v be (-1)/(3/8)*81/(-54). Suppose k = v*p - 2*p - 8, -4*p + 22 = -3*k. Let c(x) = -x**2 - 6*x. What is c(k)?
0
Let c(p) = -16*p + 13*p + 8*p + 7*p + p**2 + 9. Determine c(-9).
-18
Suppose 0 = -5*d - 3*c + 35, 0 = -7*c + 2*c. Let q(n) = n**3 + 7*n - 4*n + 5*n**2 + 0 + d. What is q(-5)?
-8
Let b(k) be the first derivative of 1 - 2*k**2 + k + 3*k**2 + 17. Give b(-5).
-9
Let n(f) = -f**2 - 14*f - 2. Suppose w + 74 = 60. Calculate n(w).
-2
Let b(j) = j**3 - j**2 - j + 4. Let w be b(0). Suppose 2*v + 20 = -w. Let o = -22 - v. Let i(r) = r**3 + 10*r**2 - r - 10. Calculate i(o).
0
Let j(x) = 4*x - 36. Let m(i) = 2*i - 19. Let u(y) = 6*j(y) - 11*m(y). What is u(3)?
-1
Let o(k) be the first derivative of -k**4/4 - 2*k**3/3 - 3*k - 1. Suppose 149 = 3*p + 2*x, -4*p = -2*x - 170 - 24. Let v = p + -52. Give o(v).
6
Suppose -2*t = -5*t + 9. Let u(x) = -7 - t + 2 - 2*x. Suppose -2*n + 42 - 54 = 0. What is u(n)?
4
Let l(j) be the first derivative of 0*j + 1/2*j**2 - 1/4*j**4 + 1/3*j**3 - 4. Calculate l(2).
-2
Let k = 64 + -54. Let m(f) = 0*f**3 - k - f**3 + 3*f + 6*f**2 + 4 - 6*f. Suppose x - 7 = -b, -4*x - 17 = -3*b - 2*b. Determine m(b).
4
S